 divided by 14910?
2
What is the remainder when 135175 is divided by 2080?
2055
What is the remainder when 15021862 is divided by 5019?
5014
Calculate the remainder when 66576180 is divided by 27.
12
What is the remainder when 1525550 is divided by 508294?
668
Calculate the remainder when 7199594 is divided by 4100.
4094
What is the remainder when 3484741 is divided by 54449?
5
Calculate the remainder when 13865 is divided by 63.
5
Calculate the remainder when 221666 is divided by 866.
836
Calculate the remainder when 110986 is divided by 3007.
2734
What is the remainder when 161871211 is divided by 16187121?
1
Calculate the remainder when 265611 is divided by 1084.
31
Calculate the remainder when 607154 is divided by 33730.
14
Calculate the remainder when 18894206 is divided by 18.
2
Calculate the remainder when 6392 is divided by 210.
92
Calculate the remainder when 1708237 is divided by 1707918.
319
Calculate the remainder when 5671433 is divided by 1378.
963
What is the remainder when 16724640 is divided by 285?
270
What is the remainder when 194326 is divided by 6429?
1456
Calculate the remainder when 351595 is divided by 14063.
20
What is the remainder when 4193182 is divided by 3228?
10
Calculate the remainder when 274046710 is divided by 2728.
14
Calculate the remainder when 6129 is divided by 42.
39
Calculate the remainder when 3987612 is divided by 1919.
1849
What is the remainder when 11815255 is divided by 17?
0
Calculate the remainder when 358085 is divided by 277.
201
Calculate the remainder when 4259425558 is divided by 1378.
1376
What is the remainder when 2039366 is divided by 105?
56
Calculate the remainder when 139144979 is divided by 46381654.
17
What is the remainder when 778379 is divided by 4371?
341
What is the remainder when 691725460 is divided by 7?
6
What is the remainder when 5267875 is divided by 457?
36
Calculate the remainder when 33445221 is divided by 2572709.
4
What is the remainder when 281040 is divided by 2342?
0
Calculate the remainder when 1289398 is divided by 13431.
22
What is the remainder when 414830 is divided by 1050?
80
What is the remainder when 113892210 is divided by 46185?
0
What is the remainder when 573748 is divided by 1713?
1606
What is the remainder when 4567 is divided by 41?
16
What is the remainder when 117508 is divided by 4350?
58
Calculate the remainder when 267125 is divided by 131931.
3263
Calculate the remainder when 2387510 is divided by 795549.
863
Calculate the remainder when 70266806 is divided by 741.
740
Calculate the remainder when 18581 is divided by 2786.
1865
Calculate the remainder when 124473 is divided by 6430.
2303
Calculate the remainder when 10566338 is divided by 133751.
9
Calculate the remainder when 173896346 is divided by 3921.
3917
Calculate the remainder when 204902 is divided by 81.
53
Calculate the remainder when 178746 is divided by 934.
352
Calculate the remainder when 5801106 is divided by 90642.
18
What is the remainder when 40862572 is divided by 252238?
16
Calculate the remainder when 30574673 is divided by 91.
38
Calculate the remainder when 50126326 is divided by 542.
540
Calculate the remainder when 99547 is divided by 434.
161
What is the remainder when 22267663 is divided by 49?
5
What is the remainder when 150651 is divided by 2352?
123
Calculate the remainder when 5531148 is divided by 107.
104
Calculate the remainder when 73673 is divided by 17354.
4257
What is the remainder when 66191369 is divided by 102?
101
Calculate the remainder when 180960 is divided by 2033.
23
What is the remainder when 17438119 is divided by 49?
48
Calculate the remainder when 3540929 is divided by 35.
14
What is the remainder when 88157114 is divided by 67?
55
What is the remainder when 90716 is divided by 222?
140
Calculate the remainder when 80754013 is divided by 928207.
4
What is the remainder when 2091864 is divided by 5643?
3954
Calculate the remainder when 142115 is divided by 2731.
103
Calculate the remainder when 1019701 is divided by 157.
143
What is the remainder when 93724 is divided by 184?
68
Calculate the remainder when 8050921 is divided by 447273.
7
Calculate the remainder when 643796 is divided by 30626.
650
What is the remainder when 1794752 is divided by 508?
496
What is the remainder when 12919355 is divided by 8?
3
What is the remainder when 2809670 is divided by 81?
23
Calculate the remainder when 16261774 is divided by 2305.
2304
Calculate the remainder when 18081349 is divided by 190.
189
Calculate the remainder when 584163 is divided by 12429.
0
Calculate the remainder when 1803385 is divided by 656.
41
Calculate the remainder when 20360 is divided by 16711.
3649
Calculate the remainder when 505471 is divided by 168453.
112
Calculate the remainder when 19364 is divided by 2386.
276
What is the remainder when 25424 is divided by 625?
424
Calculate the remainder when 882109 is divided by 120.
109
What is the remainder when 51195 is divided by 1031?
676
Calculate the remainder when 524091 is divided by 2180.
891
Calculate the remainder when 663866 is divided by 121.
60
Calculate the remainder when 18679900 is divided by 185.
80
What is the remainder when 5131023 is divided by 5651?
5566
What is the remainder when 3145508 is divided by 222?
212
What is the remainder when 304503 is divided by 125?
3
Calculate the remainder when 14610960 is divided by 216.
72
What is the remainder when 19924358 is divided by 77?
69
Calculate the remainder when 430948 is divided by 225.
73
What is the remainder when 751663 is divided by 5958?
955
Calculate the remainder when 20268676 is divided by 2020.
2016
Calculate the remainder when 346184 is divided by 28841.
92
Calculate the remainder when 1908281 is divided by 1274.
1103
What is the remainder when 2934226 is divided by 1432?
58
What is the remainder when 4312325 is divided by 151?
67
Calculate the remainder when 2015889 is divided by 2281.
1766
What is the remainder when 80765 is divided by 40333?
99
What is the remainder when 3717304 is divided by 1238977?
373
What is the remainder when 37809619 is divided by 470?
469
Calculate the remainder when 93261 is divided by 23294.
85
What is the remainder when 21817786 is divided by 185?
181
Calculate the remainder when 1160468 is divided by 122.
4
Calculate the remainder when 16438 is divided by 1676.
1354
What is the remainder when 47848692 is divided by 5531?
11
Calculate the remainder when 21656794 is divided by 184.
178
What is the remainder when 3470088 is divided by 731?
31
Calculate the remainder when 8313316 is divided by 326.
316
What is the remainder when 170850 is divided by 4683?
2262
Calculate the remainder when 631651 is divided by 1676.
1475
Calculate the remainder when 193482787 is divided by 673.
671
Calculate the remainder when 19365110 is divided by 360.
350
Calculate the remainder when 97661 is divided by 3280.
2541
What is the remainder when 213166 is divided by 713?
692
Calculate the remainder when 504665 is divided by 126078.
353
Calculate the remainder when 177363 is divided by 35366.
533
Calculate the remainder when 1064301 is divided by 650.
251
What is the remainder when 122836381 is divided by 30?
1
Calculate the remainder when 2458953 is divided by 2910.
3
Calculate the remainder when 60588805 is divided by 242.
233
Calculate the remainder when 16072 is divided by 335.
327
Calculate the remainder when 831948 is divided by 45.
33
What is the remainder when 1183698 is divided by 591847?
4
Calculate the remainder when 17616447 is divided by 32.
31
What is the remainder when 112488 is divided by 244?
4
What is the remainder when 11212 is divided by 8955?
2257
What is the remainder when 15132649 is divided by 9?
4
What is the remainder when 1423706 is divided by 149?
11
What is the remainder when 55841 is divided by 3696?
401
What is the remainder when 1445294625 is divided by 119?
117
Calculate the remainder when 294039 is divided by 10.
9
Calculate the remainder when 1701291 is divided by 212652.
75
Calculate the remainder when 309732 is divided by 14645.
2187
What is the remainder when 15672 is divided by 4703?
1563
Calculate the remainder when 1402464 is divided by 10715.
9514
What is the remainder when 24106639 is divided by 115